f 115528 and 4?
4
What is the greatest common factor of 253422 and 54?
54
What is the greatest common divisor of 2378082 and 287?
287
Calculate the highest common factor of 37910 and 26983.
223
What is the highest common divisor of 824450 and 3300?
550
Calculate the highest common divisor of 3361 and 1.
1
What is the highest common divisor of 8366 and 2632?
94
What is the highest common divisor of 225 and 5031900?
225
What is the highest common divisor of 1400 and 80?
40
What is the highest common divisor of 151389 and 9?
9
What is the greatest common factor of 1287182 and 13?
13
Calculate the greatest common divisor of 174 and 1108554.
174
What is the greatest common divisor of 64872 and 11118?
102
Calculate the greatest common divisor of 586564 and 44.
44
Calculate the greatest common divisor of 89310 and 37830.
390
Calculate the greatest common factor of 2728 and 6479.
341
What is the highest common divisor of 1700 and 640628?
68
What is the greatest common factor of 184 and 1916774?
46
What is the greatest common factor of 7099 and 62?
31
Calculate the greatest common factor of 100 and 44650.
50
Calculate the greatest common factor of 484 and 418968.
44
What is the highest common divisor of 77894 and 119?
17
What is the highest common factor of 3272 and 30?
2
Calculate the greatest common factor of 276 and 700028.
92
Calculate the greatest common divisor of 16201 and 323.
17
Calculate the highest common factor of 53705 and 1401.
467
What is the greatest common divisor of 130819 and 377?
377
Calculate the highest common factor of 1360 and 34136.
136
What is the greatest common divisor of 702 and 86034?
78
What is the highest common factor of 342 and 1771047?
171
Calculate the greatest common factor of 12963178 and 1129.
1129
What is the greatest common divisor of 10 and 11313530?
10
Calculate the highest common divisor of 124712 and 896.
56
Calculate the highest common factor of 3240 and 9187560.
1080
What is the greatest common divisor of 110 and 3007136?
22
What is the greatest common factor of 5475 and 20100?
75
What is the highest common divisor of 8460696 and 136?
136
What is the highest common factor of 3147 and 417502?
1049
What is the greatest common divisor of 1245846 and 35?
7
What is the greatest common divisor of 3036 and 39721?
253
Calculate the greatest common divisor of 1460 and 68.
4
Calculate the greatest common factor of 969 and 2451.
57
Calculate the greatest common factor of 1023102 and 90.
18
What is the greatest common divisor of 2832 and 177?
177
Calculate the greatest common divisor of 440444 and 2.
2
Calculate the greatest common divisor of 34265 and 945.
35
What is the highest common factor of 27924 and 676?
52
What is the highest common divisor of 10374 and 261744?
798
What is the highest common divisor of 165 and 4092?
33
What is the greatest common divisor of 1264 and 1843544?
632
What is the highest common factor of 333 and 37296?
333
Calculate the highest common factor of 1290 and 2037555.
645
Calculate the greatest common divisor of 59535 and 245.
245
What is the highest common divisor of 171700 and 1275?
425
Calculate the highest common divisor of 7682 and 1702.
46
Calculate the highest common factor of 495553 and 277.
277
What is the highest common divisor of 16689 and 33?
3
Calculate the highest common factor of 296 and 256.
8
What is the greatest common factor of 18 and 45789?
3
Calculate the greatest common factor of 3 and 250689.
3
What is the highest common divisor of 624 and 1431846?
78
Calculate the greatest common factor of 936 and 14456.
104
What is the greatest common factor of 412043 and 3155?
631
Calculate the greatest common divisor of 38454 and 1768.
442
What is the highest common divisor of 305727 and 303?
303
Calculate the highest common factor of 1460007 and 31.
31
What is the greatest common factor of 19 and 5851050?
19
What is the highest common divisor of 4164 and 876?
12
Calculate the greatest common factor of 110459 and 1.
1
What is the greatest common divisor of 207 and 4830?
69
What is the greatest common factor of 33 and 47487?
33
Calculate the greatest common divisor of 27536 and 8.
8
What is the greatest common factor of 1094064 and 6256?
368
Calculate the greatest common factor of 84981 and 39.
39
What is the highest common factor of 167370 and 1785?
105
What is the highest common divisor of 1649 and 10166?
17
Calculate the highest common factor of 18 and 238059.
9
What is the highest common divisor of 265098 and 391?
391
Calculate the highest common divisor of 217 and 38927.
7
Calculate the greatest common divisor of 5 and 767245.
5
Calculate the highest common divisor of 643861 and 1528.
191
What is the highest common divisor of 10784 and 216?
8
Calculate the greatest common divisor of 132254 and 1424.
178
What is the highest common factor of 55792 and 2464?
176
What is the greatest common divisor of 782880 and 476?
28
Calculate the highest common factor of 129540 and 5207.
127
Calculate the greatest common divisor of 6372 and 2700.
108
Calculate the greatest common factor of 18271 and 4077.
151
Calculate the greatest common divisor of 11 and 264.
11
What is the highest common divisor of 467 and 1093?
1
What is the greatest common divisor of 65 and 5830435?
65
Calculate the highest common divisor of 481829 and 274.
137
Calculate the highest common factor of 20382 and 1032.
258
Calculate the highest common factor of 189 and 609.
21
What is the highest common divisor of 1418 and 622?
2
What is the highest common factor of 7 and 43603?
7
What is the greatest common factor of 4764 and 385487?
397
What is the greatest common divisor of 19006 and 650?
26
What is the greatest common factor of 39 and 30732?
39
Calculate the greatest common factor of 288236 and 2990.
598
Calculate the highest common factor of 90 and 2702916.
18
What is the greatest common factor of 60 and 5745?
15
Calculate the greatest common factor of 21642 and 18.
6
What is the greatest common divisor of 25492883 and 13?
13
Calculate the highest common divisor of 3792 and 37209.
237
What is the greatest common factor of 34340 and 340?
340
Calculate the highest common factor of 213125 and 5115.
1705
What is the greatest common factor of 1498878 and 24?
6
What is the greatest common factor of 100 and 44050?
50
What is the greatest common factor of 99306 and 42?
6
What is the greatest common divisor of 1110 and 4455?
15
Calculate the highest common factor of 12943379 and 277.
277
Calculate the highest common factor of 896 and 21812.
28
What is the greatest common factor of 3920 and 607208?
392
What is the highest common divisor of 125 and 98975?
25
What is the highest common divisor of 5070 and 160?
10
What is the greatest common divisor of 890 and 2032404?
178
What is the greatest common factor of 165 and 16935?
15
What is the greatest common divisor of 84 and 19254?
6
Calculate the greatest common factor of 1616 and 153116.
404
What is the greatest common divisor of 10649 and 1587?
23
What is the greatest common divisor of 340100 and 100?
100
Calculate the greatest common divisor of 1347 and 2539993.
449
Calculate the greatest common factor of 29797 and 415.
83
Calculate the highest common factor of 372489 and 195.
39
Calculate the greatest common factor of 63723 and 33.
33
What is the highest common factor of 449014 and 6454?
922
Calculate the greatest common divisor of 13616 and 13172.
148
What is the greatest common factor of 1030 and 3170?
10
What is the greatest common divisor of 151 and 59?
1
What is the highest common factor of 46 and 18239?
23
What is the highest common divisor of 2087 and 5?
1
Calculate the greatest common factor of 6 and 875166.
6
What is the highest common divisor of 660 and 32835?
165
What is the greatest common divisor of 3000 and 20?
20
What is the greatest common divisor of 1005900 and 840?
420
Calculate the greatest common factor of 412 and 100.
4
What is the highest common factor of 2909 and 3?
1
What is the highest common divisor of 1242216 and 639?
639
What is the greatest common divisor of 714280 and 40?
40
Calculate the greatest common divisor of 5513 and 37.
37
What is the highest common divisor of 31980 and 48?
12
What is the highest common divisor of 396 and 10494?
198
Wha